5?
True
Does 19 divide 1534897?
False
Is 1375640 a multiple of 170?
True
Is 204050 a multiple of 78?
False
Is 15 a factor of 4610274?
False
Is 23 a factor of 390057?
True
Is 119 a factor of 304759?
True
Is 35 a factor of 74515?
True
Does 16 divide 49104?
True
Is 180 a factor of 4833856?
False
Is 1544633 a multiple of 53?
False
Is 1079 a factor of 5292495?
True
Does 293 divide 270314?
False
Is 2101429 a multiple of 11?
True
Is 58744 a multiple of 120?
False
Is 104235 a multiple of 172?
False
Is 434 a factor of 6307756?
True
Is 38198 a multiple of 5?
False
Does 29 divide 3145695?
False
Is 95365 a multiple of 22?
False
Is 597 a factor of 1191015?
True
Is 9 a factor of 627177?
False
Is 243286 a multiple of 206?
True
Is 35 a factor of 6720?
True
Does 157 divide 162?
False
Does 355 divide 1869828?
False
Is 202 a factor of 6807062?
False
Is 23 a factor of 1013932?
True
Is 166 a factor of 101426?
True
Does 227 divide 1476900?
False
Is 136 a factor of 2864568?
True
Is 11 a factor of 10125?
False
Is 74409 a multiple of 7?
False
Is 13 a factor of 21442?
False
Is 22 a factor of 3020?
False
Is 25235 a multiple of 7?
True
Does 38 divide 12388?
True
Does 103 divide 823186?
False
Is 144652 a multiple of 116?
True
Is 11007 a multiple of 9?
True
Is 12 a factor of 1030044?
True
Is 188104 a multiple of 3?
False
Is 980719 a multiple of 15?
False
Does 127 divide 1520821?
False
Does 7 divide 161144?
False
Is 59655 a multiple of 485?
True
Does 81 divide 295407?
True
Is 6085 a multiple of 32?
False
Does 17 divide 3784370?
True
Is 293 a factor of 235865?
True
Is 5342518 a multiple of 8?
False
Does 24 divide 845034?
False
Does 26 divide 1155154?
True
Does 28 divide 907638?
False
Is 271079 a multiple of 531?
False
Is 7 a factor of 4797660?
True
Does 6 divide 148214?
False
Is 15 a factor of 1750675?
False
Does 6 divide 18276?
True
Is 109063 a multiple of 24?
False
Is 599957 a multiple of 81?
False
Is 16 a factor of 2237038?
False
Is 376472 a multiple of 394?
False
Is 959 a factor of 505393?
True
Does 16 divide 731168?
True
Is 2348685 a multiple of 285?
True
Does 110 divide 287320?
True
Does 42 divide 642355?
False
Does 20 divide 44740?
True
Is 88095 a multiple of 48?
False
Is 10212239 a multiple of 9?
False
Is 5800 a multiple of 5?
True
Is 102818 a multiple of 7?
False
Is 1073401 a multiple of 531?
False
Does 162 divide 14175667?
False
Is 14 a factor of 1091861?
False
Is 43472 a multiple of 8?
True
Is 9 a factor of 1240227?
True
Is 188 a factor of 1569116?
False
Is 326885 a multiple of 4?
False
Does 405 divide 8455590?
True
Is 256898 a multiple of 85?
False
Is 164380 a multiple of 70?
False
Does 18 divide 234918?
True
Does 9 divide 20833?
False
Is 150 a factor of 4813200?
True
Is 62 a factor of 84816?
True
Does 2 divide 15388?
True
Does 91 divide 466011?
True
Does 7 divide 72359?
True
Is 120852 a multiple of 112?
False
Is 181408 a multiple of 408?
False
Does 136 divide 4138344?
True
Is 2102935 a multiple of 50?
False
Is 2 a factor of 920584?
True
Does 17 divide 178194?
True
Does 60 divide 196620?
True
Is 152029 a multiple of 5?
False
Is 22040 even?
True
Is 48816 a multiple of 108?
True
Does 2 divide 345189?
False
Is 22508111 a multiple of 23?
False
Does 9 divide 102594?
False
Is 2058494 a multiple of 33?
False
Is 47346 a multiple of 41?
False
Does 334 divide 5537104?
False
Does 18 divide 8779122?
True
Does 127 divide 1069086?
True
Is 223 a factor of 97228?
True
Is 10572734 a multiple of 134?
True
Is 34 a factor of 288657?
False
Is 68402 a multiple of 46?
True
Is 170958 a multiple of 32?
False
Is 3622622 a multiple of 47?
False
Is 1234164 a multiple of 38?
True
Is 4 a factor of 2510?
False
Is 175 a factor of 155384?
False
Does 48 divide 27284?
False
Is 290898 a multiple of 6?
True
Is 203232 a multiple of 584?
True
Is 78492 a multiple of 844?
True
Is 132352 a multiple of 88?
True
Is 416517 a multiple of 51?
True
Does 37 divide 22459?
True
Does 874 divide 1250694?
True
Is 300 a factor of 322500?
True
Does 7 divide 2401469?
True
Is 19 a factor of 677483?
True
Is 225 a factor of 78300?
True
Is 20284015 a multiple of 29?
False
Is 31850286 a multiple of 39?
True
Is 6 a factor of 290221?
False
Is 1035504 a multiple of 162?
True
Is 104 a factor of 757744?
True
Does 22 divide 1099740?
False
Does 143 divide 441332?
False
Does 145 divide 11298491?
False
Is 11 a factor of 1376474?
True
Is 759 a multiple of 3?
True
Does 24 divide 123936?
True
Is 2160224 a multiple of 1292?
True
Is 6 a factor of 4225299?
False
Is 33 a factor of 69597?
True
Does 20 divide 51243?
False
Is 12 a factor of 621637?
False
Is 566 a factor of 2108916?
True
Is 43 a factor of 112918?
True
Is 113 a factor of 140007?
True
Does 74 divide 670520?
False
Is 18 a factor of 113478?
False
Is 526690 a multiple of 155?
True
Does 22 divide 1461566?
False
Is 189 a factor of 132111?
True
Is 6 a factor of 102084?
True
Is 264009 a multiple of 20?
False
Does 4 divide 74320?
True
Is 418747 a multiple of 7?
True
Is 28 a factor of 3029236?
True
Does 146 divide 383104?
True
Is 118248 a multiple of 26?
True
Is 15 a factor of 860280?
True
Does 11 divide 117092?
False
Does 1822 divide 200420?
True
Does 194 divide 118352?
False
Is 315 a factor of 137970?
True
Is 140 a factor of 1290154?
False
Does 275 divide 1035363?
False
Does 37 divide 811878?
False
Does 20 divide 68000?
True
Does 82 divide 124196?
False
Is 2795375 a multiple of 25?
True
Does 112 divide 457035?
False
Is 2362626 a multiple of 306?
True
Is 86460 a multiple of 454?
False
Is 22 a factor of 10157378?
True
Is 16 a factor of 127295?
False
Is 658248 a multiple of 8?
True
Is 651728 a multiple of 154?
True
Is 279 a factor of 9692739?
True
Is 137520 a multiple of 40?
True
Does 219 divide 617931?
False
Is 51 a factor of 339432?
False
Is 2 a factor of 229265?
False
Does 55 divide 8351805?
True
Is 2939865 a multiple of 15?
True
Is 119 a factor of 373541?
True
Does 23 divide 3006645?
False
Is 18 a factor of 953157?
False
Does 81 divide 2456442?
False
Does 217 divide 14756?
True
Is 467415 a multiple of 1105?
True
Is 6 a factor of 184880?
False
Is 36705 a multiple of 10?
False
Is 427788 a multiple of 12?
True
Is 595152 a multiple of 48?
True
Is 189 a factor of 110187?
True
Is 114 a factor of 4568919?
False
Is 10821 even?
False
Does 20 divide 702320?
True
Is 425488 a multiple of 28?
True
Is 157 a factor of 112335?
False
Does 738 divide 11959290?
True
Is 32 a factor of 391870?
False
Is 188 a factor of 4626492?
True
Is 31 a factor of 107105?
True
Is 7 a factor of 3626?
True
Is 7179628 a multiple of 37?
True
Does 7 divide 6880202?
True
Does 124 divide 270816?
True
Does 373 divide 1578536?
True
Is 603228 a multiple of 462?
False
Does 363 divide 1675608?
True
Is 375150 a multiple of 366?
True
Does 1151 divide 12251244?
True
Is 1042 a multiple of 2?
True
Is 17 a factor of 2153849?
True
Does 141 divide 132110?
False
Is 2 a factor of 94114?
True
Is 354888 a multiple of 19?
False
Is 1632 a factor of 16788384?
True
Is 19 a factor of 178106?
True
Does 529 divide 171396?
True
Is 1121 a factor of 2869760?
True
Does 68 divide 42284?
False
Is 45 a factor of 39600?
True
Does 24 divide 611184?
True
Is 10 a factor of 1498530?
True
Does 366 divide 464574?
False
Is 149341 a multiple of 57?
False
Does 49 divide 4261824?
True
Is 26 a factor of 8304556?
True
Is 10 a factor of 485819?
False
Is 145852 a multiple of 9?
False
Is 4786786 a multiple of 193?
True
Does 67 divide 5771495?
False
Does 1209 divide 5581953?
True
Is 511 a factor of 3563158?
False
Does 32 divide 413024?
True
Is 264 a factor of 259776?
True
Is 449 a factor of 1297982?
False
Is 12 a factor of 413592?
True
Is 7938 a multiple of 3?
True
Is 88704 a multiple of 56?
True
Is 235 a factor of 738536?
False
Is 130763 a multiple of 110?
False
Is 3183727 a multiple of 25?
False
Does 109 divide 324057?
True
Is 484 a factor of 276848?
True
Is 485 a factor of 1143831?
False
Is 307263 a multiple of 2?
False
Is 663026 a multiple of 91?
True
Is 179300 a multiple of 10?
True
Is 39909 a multiple of 6?
False
Is 66463 a multiple of 98?
False
Does 90 divide 77714?
False
Does 42 divide 1522482?
False
Is 75076 a multiple of 15?
False
Is 56 a factor of 6199536?
True
Does 28 divide 23305?
False
Is 14 a factor of 2649019?
False
Is 8097188 a multiple of 13?
False
Is